-25
Let f(k) = 3*k**2 + 6080*k + 1768450. Give f(-352).
2
Let r(z) = 14762*z + 2332383. Determine r(-158).
-13
Let g(j) = 2*j**2 - 115*j + 2115. Determine g(16).
787
Let j(a) = 1459*a + 1139467. Give j(-781).
-12
Let o(q) = -q**3 + 167*q**2 - 2425*q + 72. Calculate o(151).
-1287
Let l(g) = -10669*g**2 + 53345*g + 7. What is l(5)?
7
Let p(a) = -a**3 - 30*a**2 + 3905*a + 114319. Give p(-29).
233
Let v(j) = -2726*j - 103358. Give v(-38).
230
Let r(a) = -a**3 + 28*a**2 + 380*a - 11363. What is r(25)?
12
Let g(q) = 734*q + 32379. Calculate g(-44).
83
Let a(x) = -2069*x + 2749710. Give a(1329).
9
Let d(n) = -62*n - 6021. What is d(-93)?
-255
Let z(u) = 3*u**2 + 11156*u - 111746. Determine z(10).
114
Let x(i) = 55*i + 6101. What is x(-107)?
216
Let i(s) = -4543*s - 68268. Give i(-15).
-123
Let b(y) = 5*y**2 - 394*y + 1867. Determine b(5).
22
Let d(t) = -538*t - 6605. Give d(-12).
-149
Let l(f) = -5906*f**3 - 12*f**2 - 10*f + 12. Calculate l(1).
-5916
Let t(w) = w**2 + 934*w + 169258. Give t(-246).
10
Let y(q) = -2*q**2 + 1729*q - 5192. Determine y(3).
-23
Let a(b) = -b**3 + 23*b**2 - 178*b + 10. What is a(10)?
-470
Let i(s) = -182*s**3 - 2*s**2 + 150*s - 299. Calculate i(2).
-1463
Let x(j) = 15*j**3 + 3782*j**2 + 502*j - 507. Calculate x(-252).
-3
Let c(y) = y**3 + 5*y**2 - 116697*y - 466788. Give c(-4).
16
Let y(k) = -k**3 + 377*k**2 + 391*k - 4920. Calculate y(378).
-6
Let q(d) = d**2 - 800*d - 6425. What is q(-8)?
39
Let x(r) = 1286*r + 5096. Give x(-4).
-48
Let d(c) = -136*c + 24873. What is d(183)?
-15
Let l(k) = -806*k**3 - 4*k**2 - 155*k + 159. Give l(1).
-806
Let z(w) = -3186*w - 640215. Give z(-201).
171
Let p(x) = x**3 + 14*x**2 + 64*x + 593. Determine p(-13).
-70
Let k(r) = -5*r**3 - 1934*r**2 - 1540*r + 441. What is k(-386)?
-1103
Let v(m) = 9*m**2 + 875*m + 10501. What is v(-14)?
15
Let r(s) = -16*s**3 - 163*s**2 - 477*s - 441. Calculate r(-6).
9
Let h(z) = -165*z + 2273. What is h(12)?
293
Let o(u) = u**2 - 1598*u + 251461. Give o(177).
-56
Let k(g) = 5*g**2 + 277*g + 6248. Calculate k(-24).
2480
Let a(q) = 284*q + 68614. Determine a(-251).
-2670
Let f(x) = -103*x**3 - 7*x**2 + 189*x + 370. Determine f(-2).
788
Let c(l) = -2*l**3 - 204*l**2 + 467*l + 5303. Calculate c(-104).
-1
Let h(v) = -2*v**3 - 2127*v**2 + 13906*v - 4293. Calculate h(-1070).
-13
Let o(r) = r**3 + 13*r**2 - 211*r + 5. What is o(-23)?
-432
Let y(v) = 8*v**3 + 1173*v**2 - 11206*v + 25. What is y(9)?
16
Let w(l) = 8456*l - 6105237. Determine w(722).
-5
Let b(i) = 3341*i - 150348. Calculate b(45).
-3
Let c(d) = 3*d**3 - 472*d**2 + 634*d - 1570. What is c(156)?
-10
Let o(p) = p**3 - p**2 - 858*p + 6957. Give o(9).
-117
Let m(z) = 3652*z + 522244. What is m(-143)?
8
Let y(j) = -3182544*j + 15912725. Give y(5).
5
Let d(x) = x**3 - 31*x**2 - 472*x + 485. Give d(42).
65
Let l(f) = -905*f**3 + 18*f**2 - 14*f. Calculate l(1).
-901
Let k(h) = h**3 + 17*h**2 + 16*h + 19. Calculate k(-16).
19
Let z(x) = -176*x + 938. What is z(6)?
-118
Let t(k) = 5*k**3 + 32*k**2 - 41*k - 360. Give t(-5).
20
Let i(v) = 17*v**2 + 1359*v - 1241. What is i(-81)?
217
Let t(x) = -209136*x + 1463945. Determine t(7).
-7
Let h(c) = 356*c - 55600. What is h(164)?
2784
Let c(u) = -2*u**2 - 1446*u + 29567. Determine c(20).
-153
Let q(n) = 38*n**2 - 3838*n - 208. Calculate q(101).
-208
Let r(c) = -406*c**2 + 3049*c - 5133. Calculate r(5).
-38
Let g(r) = 595998*r + 1788008. Give g(-3).
14
Let m(z) = -895879*z + 2687618. Give m(3).
-19
Let a(d) = -d**3 + 1232*d + 6036. Give a(-5).
1
Let c(b) = b**2 + 13471*b - 4808997. Calculate c(348).
15
Let r(w) = 148*w**2 + 106*w + 427. What is r(-4)?
2371
Let s(o) = o**3 - 28*o**2 - 15697*o - 1886. Give s(-112).
18
Let j(c) = 48*c**3 + 341*c**2 + 95*c + 425. What is j(-7)?
5
Let i(x) = -2287*x**2 - 59456*x + 163. Give i(-26).
7
Let w(y) = 18*y**3 + 396*y**2 + 19*y + 377. What is w(-22)?
-41
Let i(k) = 61*k + 11562. What is i(-188)?
94
Let j(s) = 2562966*s + 12814823. Determine j(-5).
-7
Let y(s) = s**3 + 7*s**2 - 7244*s - 36272. Determine y(-5).
-2
Let q(u) = u**3 + 6*u**2 - 3007*u - 1316. Determine q(0).
-1316
Let u(w) = 107*w**2 - 2391*w - 759. What is u(23)?
851
Let m(t) = 101*t**3 + 6*t**2 - 30*t - 65. Calculate m(-2).
-789
Let p(d) = -d**2 + 27*d + 22. Give p(18).
184
Let b(i) = 3*i**2 - 54*i - 2881. Give b(-23).
-52
Let z(v) = 3097*v - 346871. What is z(112)?
-7
Let n(u) = 2*u**3 + 14*u**2 - 33*u - 123. Calculate n(-12).
-1167
Let s(g) = -2*g**2 - 213*g - 996. Give s(-101).
115
Let b(o) = -111*o**2 + 1337*o + 1515. What is b(13)?
137
Let v(x) = -x**3 + 143*x**2 - 760*x + 915. Give v(4).
99
Let p(l) = -2*l**3 - 104*l**2 + 94*l - 756. Calculate p(-53).
-120
Let g(k) = 9*k**2 - 7820*k + 46593. Determine g(6).
-3
Let b(s) = 6*s**2 - 187*s - 1487. Calculate b(-9).
682
Let c(l) = 86366*l - 1208948. Calculate c(14).
176
Let k(c) = -1319*c + 55387. What is k(42)?
-11
Let y(b) = -b**3 - 5*b**2 + 59*b - 21. Give y(0).
-21
Let y(q) = -1529154*q - 6116621. What is y(-4)?
-5
Let p(r) = 2*r**2 - 95683*r + 4588173. Determine p(48).
-3
Let n(p) = -p**3 - 1335*p**2 - 36553*p + 33. What is n(-28)?
-1171
Let g(s) = 309*s - 3042. Determine g(11).
357
Let q(u) = -2*u**3 - 135*u**2 - 189*u + 411. What is q(-66)?
-183
Let i(p) = 44123*p + 2382655. Determine i(-54).
13
Let x(w) = -11*w**3 + 2*w**2 - 104*w + 194. Calculate x(2).
-94
Let d(x) = -x**3 + 115*x**2 + 98*x + 2090. Determine d(116).
2
Let g(s) = s**3 + 13*s**2 - 368*s - 61. Determine g(14).
79
Let l(a) = -a**3 + 229*a**2 + 12650*a - 302. Calculate l(275).
-302
Let b(c) = 262*c**2 + 27*c + 50. Give b(-1).
285
Let d(c) = c**3 - 321*c**2 + 1480*c - 67214. Determine d(317).
-10
Let d(s) = 4*s**2 - 1853*s - 42149. What is d(485)?
46
Let u(z) = 285*z - 31272. Calculate u(110).
78
Let c(h) = 7*h**2 + 662*h - 25548. Give c(-124).
-4
Let t(l) = -608*l**2 + 15204*l - 94. Calculate t(25).
6
Let h(o) = -2*o**2 - 110*o - 2257. Give h(-28).
-745
Let s(d) = 3*d**2 + 541*d + 18547. What is s(-46)?
9
Let n(c) = -20*c**3 + 2*c**2 - 1652*c - 3305. Calculate n(-2).
167
Let f(b) = b**2 + 311*b - 27704. Calculate f(72).
-128
Let j(u) = -u**3 + 182*u**2 - 436*u - 18073. What is j(179)?
6
Let d(h) = 7*h**2 + 1506*h - 2896. Determine d(-217).
-75
Let g(m) = 234*m**2 - 2367*m + 260. Give g(10).
-10
Let k(x) = 3*x**3 + 13*x**2 - 657*x - 4860. Determine k(-10).
10
Let c(s) = -s**3 + 15*s**2 - 12*s - 302. Determine c(12).
-14
Let y(g) = -g**3 + 219*g**2 - 25*g - 42170. Give y(218).
-96
Let x(j) = 204*j + 4362. What is x(-17)?
894
Let r(s) = -7*s**3 - 111*s**2 - 1174*s - 19039. Give r(-16).
1
Let c(p) = 135*p**2 - 1407*p - 130. Give c(11).
728
Let n(h) = -4150*h + 236570. Determine n(57).
20
Let d(s) = 3615*s + 307254. What is d(-85)?
-21
Let g(y) = -181737*y - 545209. Give g(-3).
2
Let w(q) = 1098*q**2 - 62589*q + 176. What is w(57)?
5
Let t(v) = -v**2 - 232*v + 5884. Determine t(23).
19
Let m(a) = -4*a**3 + 145*a**2 - 296*a - 147. Give m(34).
193
Let w(s) = -13283*s - 106267. Give w(-8).
-3
Let q(m) = 17*m**2 + 20*m + 96. Give q(-5).
421
Let n(k) = 2999*k + 374868. Give n(-125).
-7
Let h(t) = -t**3 - 25*t**2 - 69*t + 803. Calculate h(-10).
-7
Let g(n) = 9407*n + 19931. What is g(-2)?
1117
Let u(r) = -87577*r - 4904278. Give u(-56).
34
Let z(x) = -6823*x + 40945. Calculate z(6).
7
Let d(b) = -1960*b - 3427. Calculate d(-2).
493
Let q(b) = 257*b**3 + 9253*b**2 + 35*b + 58. Calculate q(-36).
94
Let w(o) = 10636*o + 191433. What is w(-18)?
-15
Let g(l) = -1253*l - 230564. Calculate g(-184).
-12
Let b(x) = 16*x**3 - x**2 - 25989*x - 25987. Give b(-1).
-15
Let b(k) = 17*k**3 - 299*k**2 + 615*k - 27. What is b(2)?
143
Let i(y) = -28*y**3 + 383*y**2 - 150*y - 1272. Determine i(13).
-11
Let d(m) = -m**3 - 70*m**2 - 284*m + 95. Calculate d(-5).
-110
Let d(k) = -1571*k - 908052. Give d(-578).
-14
Let w(f) = -f**2 - 134*f - 1208. Give w(-125).
-83
Let b(j) = 419*j + 6814. What is b(-11)?
2205
Let y(k) = k**3 + 333*k**2 + 19906*k + 1234. Determine y(-78).
-14
Let k(n) = -n**3 - 624*n**2 + 1021*n + 1024209. Determine k(-623).
-3
Let s(l) = 1584*l - 49245. Determine s(31).
-141
Let l(r) = -3556*r - 7300465. Give l(-2053).
3
Let x(u) = -u**3 - 20*u**2 + 187*u + 3158. Calculate x(-22).
12
Let j(z) = z**3 + 150*z**2 + 4600*z + 85. Determine j(-107).
192
Let c(b) = 1057*b 